*m. Suppose r + 12*r = -156. Let t be g(r). What is the highest common divisor of t and 2?
2
Suppose 35*q = 23*q + 552. Suppose 0 = 35*f - q*f + 770. Let z be (10/(-4))/(1/(-70)). Calculate the greatest common divisor of z and f.
35
Let u = -1131 + 1155. Suppose 4*d + 4 + 24 = 0. Let a be 111/7 - 1/d. What is the greatest common divisor of u and a?
8
Suppose 1036*s - 30 = 1034*s. What is the greatest common factor of s and 75?
15
Suppose -3*a - 845 - 284 = r, -3*r = -2*a - 760. Let q = -346 - a. Calculate the highest common factor of 403 and q.
31
Let h(z) be the third derivative of z**6/120 - z**5/60 - z**4/4 + 340*z**3/3 + 13*z**2 - 1. Let k be h(0). Calculate the highest common factor of k and 34.
34
Suppose -2*q + 10 = -2. Let p = -83 + 94. Suppose 0 = p*n - 13*n + 108. Calculate the greatest common factor of n and q.
6
Let i be -60*-3*(-8)/(-48). Let w be 12 + (-1)/(6/i). What is the greatest common factor of 77 and w?
7
Suppose 2*d - 7*d - 2*n + 9 = 0, 3*d + 3*n = 0. Suppose -b + 259 = d. What is the greatest common factor of b and 16?
16
Let p be (-2)/((8 - 453/54)*1/49). Calculate the greatest common divisor of 1218 and p.
42
Let j be (49 + 606)*(33 - 3). Calculate the highest common divisor of 100 and j.
50
Suppose 6 + 2 = -o + 2*x, -2*x = -8. Let l be (o*2*4/16)/(-2). Let m be l + 1 - 9/(-5 + 2). Calculate the highest common factor of m and 6.
2
Let k be ((-44)/32)/((-5)/40). Suppose 4*q - 8 = 0, -h - 2*q + k = -0. What is the highest common divisor of 1 and h?
1
Suppose 8*a - 6*a = 5*p + 76, -5*a + 4*p + 207 = 0. What is the greatest common factor of a and 5?
1
Let z(l) = l**3 + 13*l**2 - 49*l - 173. Let a be z(-15). Calculate the greatest common divisor of a and 3416.
56
Let c be (-1)/((-2)/(-168))*213/(-142). Suppose 0 = i - 2, 3*i + i + 4 = 2*l. Calculate the highest common factor of l and c.
6
Let n = 344 - -469. Let x = -516 + n. What is the highest common divisor of 81 and x?
27
Suppose 3*x - 36 = -x. Let p = 21 - 16. Suppose 0 = -2*m, -p*a - 2*m = -m - 135. What is the highest common factor of a and x?
9
Suppose -13*p - 6108 = -6602. Suppose 2*j - q + 12 = 0, -4*j - 12 = -2*j + q. Let h be ((-32)/3)/(j/171). Calculate the highest common factor of h and p.
38
Let a(o) = -o**2 + 2*o + 80. Let d be (-1 + 2)*(-12 - -9) + 3. Suppose -4*k + 2*k + 3*k = d. Let p be a(k). Calculate the greatest common factor of p and 5.
5
Suppose -5*d + 35 = 5*z, 5*z - 4*d - 15 = -5*d. Suppose 3*r - 3*x + 7*x - 101 = 0, r - 37 = z*x. What is the highest common divisor of r and 35?
35
Let l = -92 - -92. Suppose -3*g - u + 35 = 0, -g + 0*u - 5*u + 21 = l. Suppose 0 = n - g - 5. Calculate the greatest common divisor of 40 and n.
8
Let p be (-5)/(((-1)/(-102))/(380/30 - 13)). What is the highest common factor of 32470 and p?
170
Let k be (-1 - 175/(-14) - -5)/((-2)/(-12)). What is the highest common factor of 5841 and k?
99
Let o(u) = -u**2 + 6*u + 11. Let l be o(-2). Let v be (-1)/(-1) + 1045/l*-1. Calculate the highest common divisor of 30 and v.
30
Suppose -5*i = -3*l + 2*l - 296, -2*i - 4*l = -136. Suppose v = -5*v + i. Let h(x) = 9*x - 24. Let k be h(v). Calculate the greatest common divisor of 6 and k.
6
Let a(f) = -2*f**2 + 17*f + 9. Let k be a(-6). Let d = k + 390. What is the greatest common divisor of 25 and d?
25
Suppose 10 = -s - 48*t + 44*t, 2*s = -t + 36. Calculate the greatest common divisor of s and 16126.
22
Let q(d) = -2149*d - 10518. Let t be q(-5). What is the highest common divisor of 5221 and t?
227
Let v be ((-32)/10)/((-2)/10). Suppose 340*s = 165*s + 7000. What is the highest common factor of s and v?
8
Let y be (22 - 10)*(10/6)/5. Suppose 4*h - 3 - 77 = -4*m, 0 = -y*m + h + 60. Calculate the greatest common divisor of 144 and m.
16
Let l be ((-74)/5)/(-10 - (-4488)/450). What is the greatest common divisor of 15 and l?
15
Suppose 0 = 2*x + 13*x - 3450. Suppose y - 57 - 103 = 0. Let t = x - y. Calculate the greatest common factor of 28 and t.
14
Suppose -4 = o - 16. Let q = -1656 + 1677. Calculate the greatest common divisor of q and o.
3
Suppose -9*g + 153 - 126 = 0. Suppose -22*x + 195 = -g. Calculate the highest common factor of 81 and x.
9
Let x(w) = w**2 + 3*w + 1. Let d be x(4). Let g = -31 + d. Let z(v) = 55*v**2 + 2*v + 4. Let k be z(g). Calculate the highest common factor of 20 and k.
20
Let z = -298 + 307. Let p be 4/18 - ((-18088)/63)/4. Calculate the greatest common divisor of p and z.
9
Let r be 16/(4 + (-9)/3). Suppose 0 = -i - i + 128. Calculate the highest common divisor of r and i.
16
Let o(r) = 2*r + 15. Let a be o(5). Suppose 0 = 6*d - a*d + 1083. What is the greatest common divisor of 114 and d?
57
Suppose 0 = 332*x - 24257 - 15265 - 75018. What is the greatest common factor of x and 600?
15
Let d be ((-92)/(-16))/((-54672)/(-7808) + -7). Calculate the greatest common factor of d and 92.
46
Let l = 174 - 167. Suppose 210 = -l*f + 12*f. What is the highest common factor of f and 30?
6
Let p(b) = b**3 + 13*b**2 + 290*b + 1412. Let t be p(-5). Let c(z) = -9*z + 4. Let y be c(7). Let i = -32 - y. What is the greatest common factor of i and t?
27
Suppose -4*y + 545 = l - 11, -4*y = -l - 540. Calculate the greatest common divisor of y and 2466.
137
Let l(h) = 5*h**2 - 122*h + 53. Let u be l(45). What is the highest common divisor of 16 and u?
16
Let h(w) = -2*w**3 + 146*w**2 + 152*w - 284. Let x be h(74). What is the greatest common divisor of 1650 and x?
6
Suppose 3*x - 1 = 5. Let u(g) = -36*g**2 + 0 + 42*g**2 - 1 + 4. Let m be u(x). Calculate the highest common factor of 9 and m.
9
Suppose -18*t + 21*t = o + 91, 5*o - 145 = -5*t. What is the greatest common divisor of t and 8130?
30
Suppose -36*x + 4*i - 33128 = -43*x, -18931 = -4*x - 3*i. Calculate the greatest common factor of 156 and x.
52
Let k(j) = -3*j**2 - 386*j + 318. Let y be k(-128). Calculate the highest common divisor of 182 and y.
14
Let k = 54136 - 53861. Let g be ((-50)/6)/((-1)/6). Calculate the greatest common divisor of k and g.
25
Let f(s) = -4*s - 38. Let d(m) = 10*m + 112. Let i(w) = 5*d(w) + 14*f(w). Let y be i(4). Calculate the highest common factor of y and 44.
4
Let w be ((-2)/6 + -1)*99/(-6). Suppose -15*i + w*i = 63. Suppose 0*a + 1188 = i*a. Calculate the highest common divisor of a and 33.
33
Let j(p) = p**3 - 7*p**2 + 6*p + 2. Let a be j(7). Suppose 0 = 297*q - 27709 - 1694. Calculate the greatest common factor of a and q.
11
Suppose 15 = -t + 7. Let b be -2*-6*108/t. Let a be (b/(-5))/(-3)*(-20)/3. Calculate the greatest common factor of a and 9.
9
Let h = 12 + 28. Let p = -29 + 31. Let v be p + -1 + -8 + 12. What is the greatest common factor of v and h?
5
Let m be 334/21 + -1 + (-6)/(-63). Let r be (-1)/(((-4)/40)/(m/25)). What is the greatest common factor of r and 318?
6
Let z = -488 - -485. Let w be (56/28)/(z/(-72)). What is the greatest common factor of 408 and w?
24
Suppose -12380*h - 16 = -12381*h. Let r(x) = 3*x**2 + 7*x + 2. Let q be r(5). Calculate the highest common divisor of h and q.
16
Let o(u) = -4*u**3 + u**2 - u - 3. Let h be o(-3). Suppose -5*m + 3*m + 16 = 3*s, -34 = m + 5*s. Calculate the greatest common factor of h and m.
13
Let u(o) = o**2 + 7*o - 60. Let n be u(-16). Let b = 106 - n. What is the highest common factor of 440 and b?
22
Let j be ((-18)/21)/(15/(-70)). Suppose 6*o - 26 = j. Suppose o*q - 145 = -3*u - 0*u, -5*u + 225 = 5*q. Calculate the greatest common factor of u and 8.
8
Suppose 8*m + 289 = -1007. Let w be ((-84)/8)/7*m/3. Calculate the highest common factor of w and 405.
81
Let c = 1082 - 596. Let u(q) = -1108*q - 8756. Let m be u(-8). What is the greatest common divisor of m and c?
54
Suppose 2*w + 27 - 8 = 5*v, 0 = 2*v + 4*w + 2. Suppose -v*g - 13 = -5*g + 3*m, 3*g - 19 = 5*m. Calculate the highest common divisor of 100 and g.
4
Suppose -183 = -39*o + 1144 + 116. Let m = -33 - -54. Let w = o - m. Calculate the greatest common factor of w and 88.
8
Suppose -6 = y - 21. Suppose -134 = -y*i - 44. What is the highest common factor of i and 102?
6
Suppose 52*z = 54*z - 260. Calculate the greatest common divisor of 442 and z.
26
Suppose -61390 = -5*m - 4*m + 2*m. What is the highest common factor of m and 10?
10
Let i = 25021 + -24953. Calculate the greatest common factor of i and 10931.
17
L